{"id":1342,"date":"2017-11-15T14:04:02","date_gmt":"2017-11-15T13:04:02","guid":{"rendered":"http:\/\/www.monzalecco.lombardia.cisl.it\/?page_id=1342"},"modified":"2025-01-23T09:29:29","modified_gmt":"2025-01-23T08:29:29","slug":"volontariato","status":"publish","type":"page","link":"https:\/\/www.monzalecco.lombardia.cisl.it\/?page_id=1342","title":{"rendered":"Volontariato (ANTEAS)"},"content":{"rendered":"<p><img loading=\"lazy\" decoding=\"async\" class=\"alignnone size-full wp-image-1557\" src=\"http:\/\/www.monzalecco.lombardia.cisl.it\/wp-content\/uploads\/2017\/11\/ANTEAS.png\" alt=\"\" width=\"100\" height=\"71\" \/><\/p>\n<p class=\"Stile5\">L\u2019Anteas \u00e8 un\u2019associazione di volontariato che\u00a0ha come missione principale il sostegno ad anziani ed adulti in difficolt\u00e0, con l\u2019obiettivo di manifestare una solidariet\u00e0 concreta a favore di persone fragili. Fin dalle origini, l\u2019attivit\u00e0 dell\u2019Anteas si \u00e8 concentrata sull\u2019accompagnamento di anziani e disabili verso strutture sanitarie e sociosanitarie, oltre che sull\u2019assistenza nelle quotidiane necessit\u00e0 della vita, nei casi in cui queste persone non possano disporre di altre forme di solidariet\u00e0 familiare.<\/p>\n<h3><strong>ANTEAS BRIANZA<\/strong><\/h3>\n<p><strong>MONZA<\/strong><br \/>\nVia Risorgimento, 22\/a \u2013 Monza (MB)<br \/>\nTel.\u00a0 039\/2399330 \u2013 800.687.811<br \/>\nEmail: <a href=\"mailto:brianza@anteaslombardia.org\">brianza@anteaslombardia.org<\/a><\/p>\n<p><strong>BESANA IN BRIANZA<\/strong><br \/>\nVia Santa Caterina, 6 &#8211; Besana Brianza MB<br \/>\nTel: 039\/2399444<br \/>\nLuned\u00ec, marted\u00ec, gioved\u00ec, venerd\u00ec dalle ore 14,30 alle 18,00<\/p>\n<p><strong>BRUGHERIO<\/strong><br \/>\nVia De Gasperi, 4 (presso Centro Anziani Serra De Pisis \u2013 Parco Villa Fiorita)<br \/>\nTel. 039\/2893285<br \/>\nDal luned\u00ec al sabato<br \/>\nOrario invernale: dalle ore 14,00 alle ore 17,00<br \/>\nOrario estivo: dalle ore 14,30 alle ore 18,20<\/p>\n<p><strong>GIUSSANO<\/strong><br \/>\nVia Milano, 65 (Servizio Amico presso Croce Bianca di Giussano)<br \/>\nTel. 0362\/850269<br \/>\nDal luned\u00ec al venerd\u00ec dalle ore 8,00 alle ore 19,00<\/p>\n<p><strong>MUGGIO&#8217;<\/strong><br \/>\nVia San Rocco, 34<br \/>\nTel. 039\/2399541<br \/>\nDal luned\u00ec al venerd\u00ec dalle ore 14,30 alle ore 16,00<\/p>\n<p><strong>SEVESO<\/strong><br \/>\nVia Redipuglia, 50 (servizio trasporto anziani presso la sede dei Servizi Sociali del Comune di Seveso)<br \/>\nTel. 0362\/517251<br \/>\nDal luned\u00ec al venerd\u00ec dalle ore 8,00 alle ore 12,00<\/p>\n<p><strong>VIMERCATE<\/strong><br \/>\nVia Rota, 9 (presso sede FNP CISL)<br \/>\nTel. 039\/2399373<br \/>\nDal luned\u00ec al venerd\u00ec dalle ore 9,30 alle ore 12,00<\/p>\n<p><strong>CARATE BRIANZA<\/strong><br \/>\nPiazza IV Novembre, 9 (presso sede FNP CISL)<br \/>\nTel.: 0362\/992365 &#8211; Fax: 039\/2399410<\/p>\n<h3>ANTEAS LECCO<\/h3>\n<p><strong>LECCO<\/strong><br \/>\nCorso Monte Santo, 12<br \/>\nTel. 0341\/1880777<br \/>\nEmail: <a href=\"mailto:lecco@anteaslombardia.org\">lecco@anteaslombardia.org<\/a><br \/>\nFacebook: <a href=\"https:\/\/it-it.facebook.com\/anteaslecco\/\">@anteaslecco<\/a><\/p>\n","protected":false},"excerpt":{"rendered":"<p>L\u2019Anteas \u00e8 un\u2019associazione di volontariato che\u00a0ha come missione principale il sostegno ad anziani ed adulti in difficolt\u00e0, con l\u2019obiettivo di manifestare una solidariet\u00e0 concreta a favore di persone fragili. Fin dalle origini, l\u2019attivit\u00e0 dell\u2019Anteas si \u00e8 concentrata sull\u2019accompagnamento di anziani e disabili verso strutture sanitarie e sociosanitarie, oltre che sull\u2019assistenza nelle quotidiane necessit\u00e0 della vita, [&hellip;]<\/p>\n","protected":false},"author":5,"featured_media":0,"parent":0,"menu_order":0,"comment_status":"closed","ping_status":"closed","template":"","meta":{"footnotes":""},"class_list":["post-1342","page","type-page","status-publish","czr-hentry"],"_links":{"self":[{"href":"https:\/\/www.monzalecco.lombardia.cisl.it\/index.php?rest_route=\/wp\/v2\/pages\/1342","targetHints":{"allow":["GET"]}}],"collection":[{"href":"https:\/\/www.monzalecco.lombardia.cisl.it\/index.php?rest_route=\/wp\/v2\/pages"}],"about":[{"href":"https:\/\/www.monzalecco.lombardia.cisl.it\/index.php?rest_route=\/wp\/v2\/types\/page"}],"author":[{"embeddable":true,"href":"https:\/\/www.monzalecco.lombardia.cisl.it\/index.php?rest_route=\/wp\/v2\/users\/5"}],"replies":[{"embeddable":true,"href":"https:\/\/www.monzalecco.lombardia.cisl.it\/index.php?rest_route=%2Fwp%2Fv2%2Fcomments&post=1342"}],"version-history":[{"count":15,"href":"https:\/\/www.monzalecco.lombardia.cisl.it\/index.php?rest_route=\/wp\/v2\/pages\/1342\/revisions"}],"predecessor-version":[{"id":17270,"href":"https:\/\/www.monzalecco.lombardia.cisl.it\/index.php?rest_route=\/wp\/v2\/pages\/1342\/revisions\/17270"}],"wp:attachment":[{"href":"https:\/\/www.monzalecco.lombardia.cisl.it\/index.php?rest_route=%2Fwp%2Fv2%2Fmedia&parent=1342"}],"curies":[{"name":"wp","href":"https:\/\/api.w.org\/{rel}","templated":true}]}}